{"id":366,"date":"2023-10-24T15:33:22","date_gmt":"2023-10-24T13:33:22","guid":{"rendered":"http:\/\/tadeasbaca.cz\/?page_id=366"},"modified":"2023-10-26T23:43:05","modified_gmt":"2023-10-26T21:43:05","slug":"zdravim","status":"publish","type":"page","link":"https:\/\/tadeasbaca.cz\/","title":{"rendered":"Zdrav\u00edm v\u0161echny!"},"content":{"rendered":"<p>[et_pb_section fb_built=&#8220;1&#8243; specialty=&#8220;on&#8220; _builder_version=&#8220;4.23&#8243; _module_preset=&#8220;default&#8220; global_colors_info=&#8220;{}&#8220; custom_padding=&#8220;||5px|||&#8220;][et_pb_column type=&#8220;1_2&#8243; specialty_columns=&#8220;2&#8243; _builder_version=&#8220;4.16&#8243; custom_padding=&#8220;|||&#8220; global_colors_info=&#8220;{}&#8220; custom_padding__hover=&#8220;|||&#8220;][et_pb_row_inner _builder_version=&#8220;4.23&#8243; _module_preset=&#8220;default&#8220; custom_padding=&#8220;12px|||||&#8220; global_colors_info=&#8220;{}&#8220;][et_pb_column_inner saved_specialty_column_type=&#8220;1_2&#8243; _builder_version=&#8220;4.23&#8243; _module_preset=&#8220;default&#8220; global_colors_info=&#8220;{}&#8220;][et_pb_text _builder_version=&#8220;4.23&#8243; _module_preset=&#8220;default&#8220; custom_margin=&#8220;14px||6px|||&#8220; custom_padding=&#8220;7px||0px|||&#8220; global_colors_info=&#8220;{}&#8220;]<\/p>\n<h1><span style=\"color: #5cc62f;\"><strong><em>Sousedky a soused\u00e9!<\/em><\/strong><\/span><\/h1>\n<p>[\/et_pb_text][et_pb_text _builder_version=&#8220;4.23&#8243; _module_preset=&#8220;default&#8220; custom_margin=&#8220;5px|||||&#8220; custom_padding=&#8220;0px|||||&#8220; global_colors_info=&#8220;{}&#8220;]<\/p>\n<p style=\"text-align: justify;\"><span style=\"font-size: medium;\"><em>V\u00edt\u00e1m v\u00e1s na sv\u00fdch webov\u00fdch str\u00e1nk\u00e1ch! M\u00e9 jm\u00e9no je Tade\u00e1\u0161 Ba\u010da a od roku 2018 jsem zastupitelem m\u011bsta Mohelnice. Spolu s na\u0161\u00edm skv\u011bl\u00fdm t\u00fdmem z uskupen\u00ed Za na\u0161i Mohelnici a p\u0159idru\u017een\u00e9 obce bojujeme za m\u011bsto, kter\u00e9 je p\u0159\u00edv\u011btiv\u00e9 ke v\u0161em generac\u00edm, m\u011bsto, kter\u00e9 mysl\u00ed na budoucnost a neut\u00e1p\u00ed se ve sporech d\u00e1vno minul\u00fdch. Bojujeme za m\u011bsto p\u0159\u00edv\u011btiv\u00e9 ke v\u0161em generac\u00edm, kde se dob\u0159e a bezpe\u010dn\u011b \u017eije d\u011btem, rodin\u00e1m, mlad\u00fdm, senior\u016fm, osob\u00e1m s hendikepem, zkr\u00e1tka a jednodu\u0161e v\u0161em. Bojujeme za m\u011bsto, kter\u00e9 je udr\u017eiteln\u00e9 a problematiku \u017eivotn\u00edho prost\u0159ed\u00ed a klimatick\u00e9 krize stav\u00ed na prvn\u00ed m\u00edsto, proto\u017ee pr\u00e1v\u011b od n\u00ed se odv\u00edj\u00ed z\u00e1sadn\u00ed \u010d\u00e1st kvality \u017eivota a budoucnosti m\u011bsta.<\/em><\/span><\/p>\n<p style=\"text-align: justify;\"><span style=\"font-size: medium;\"><em>K politice m\u011b ji\u017e v d\u011btstv\u00ed p\u0159ivedla moje milovan\u00e1 prababi\u010dka R\u016f\u017eena Smr\u010dkov\u00e1. U\u010dila m\u011b, \u017ee \u010dlov\u011bk nesm\u00ed b\u00fdt lhostejn\u00fd ke sv\u011btu kolem sebe a v\u017edy mus\u00ed podat pomocnou ruku t\u011bm, kte\u0159\u00ed to pot\u0159ebuj\u00ed. P\u0159i ka\u017ed\u00e9m dilematu a t\u011b\u017e\u0161\u00edm rozhodov\u00e1n\u00ed p\u0159em\u00fd\u0161l\u00edm nad t\u00edm, co by na to \u0159ekla babi R\u016f\u017ea. To nen\u00ed jen dojemn\u00fd sentiment, to je i mor\u00e1ln\u00ed kompas. Kompas, kter\u00fd mi vel\u00ed dr\u017eet se z\u00e1sad a ide\u00ed, kompas, kter\u00fd vel\u00ed b\u00fdt slu\u0161n\u00fd, poctiv\u00fd a d\u011blat v\u011bci ne pro vlastn\u00ed ego a pen\u011b\u017eenku, ale pro ty, kte\u0159\u00ed to pot\u0159ebuj\u00ed.<\/em><\/span><\/p>\n<p style=\"text-align: justify;\"><span style=\"font-size: medium;\"><em>M\u00e9 n\u00e1zory na mohelnickou, krajskou, republikovou i sv\u011btovou politiku najdete na m\u00e9m Facebooku. A co v\u00edc, ob\u010das tam uk\u00e1\u017eu i n\u011bco ze sv\u00e9ho nepolitick\u00e9ho \u017eivota. Tuze r\u00e1d \u010dtu, va\u0159\u00edm, chov\u00e1m papou\u0161ky, r\u00e1d jezd\u00edm vlakem a taky sada\u0159\u00edm. \ud83d\ude42 T\u011b\u0161\u00edm se na va\u0161e zpr\u00e1vy a koment\u00e1\u0159e.<\/em><\/span><\/p>\n<p style=\"text-align: justify;\"><span style=\"font-size: medium;\"><em>Srde\u010dn\u011b a vd\u011b\u010dn\u011b,<\/em><\/span><\/p>\n<p style=\"text-align: justify;\"><span style=\"font-size: medium;\"><strong><em>Tade\u00e1\u0161 Ba\u010da<\/em><\/strong><\/span><\/p>\n<p>[\/et_pb_text][\/et_pb_column_inner][\/et_pb_row_inner][\/et_pb_column][et_pb_column type=&#8220;1_2&#8243; _builder_version=&#8220;4.16&#8243; custom_padding=&#8220;|||&#8220; global_colors_info=&#8220;{}&#8220; custom_padding__hover=&#8220;|||&#8220;][et_pb_image src=&#8220;http:\/\/tadeasbaca.cz\/wp-content\/uploads\/2023\/10\/Navrh-bez-nazvu-7-1.png&#8220; title_text=&#8220;Navrh-bez-nazvu-7-1&#8243; _builder_version=&#8220;4.23&#8243; _module_preset=&#8220;default&#8220; transform_scale=&#8220;138%|138%&#8220; transform_translate=&#8220;8px|29px&#8220; global_colors_info=&#8220;{}&#8220;][\/et_pb_image][\/et_pb_column][\/et_pb_section][et_pb_section fb_built=&#8220;1&#8243; _builder_version=&#8220;4.23&#8243; _module_preset=&#8220;default&#8220; custom_margin=&#8220;||-63px|||&#8220; global_colors_info=&#8220;{}&#8220; custom_padding=&#8220;80px|||||&#8220;][et_pb_row _builder_version=&#8220;4.23&#8243; _module_preset=&#8220;default&#8220; custom_margin=&#8220;|auto|24px|auto||&#8220; global_colors_info=&#8220;{}&#8220;][et_pb_column type=&#8220;4_4&#8243; _builder_version=&#8220;4.23&#8243; _module_preset=&#8220;default&#8220; global_colors_info=&#8220;{}&#8220;][et_pb_cta title=&#8220;CHCETE SE P\u0158IDAT? &#8220; button_text=&#8220;Kliknut\u00ed&#8220; _builder_version=&#8220;4.23&#8243; _module_preset=&#8220;default&#8220; custom_margin=&#8220;|-130px||-130px||&#8220; custom_padding=&#8220;|||50px||&#8220; global_colors_info=&#8220;{}&#8220;]<\/p>\n<p><span style=\"font-size: x-large;\"><em>Nev\u00e1hejte a ozv\u011bte se mi! A\u0165 u\u017e p\u0159es Facebook, Instagram, nebo email.<\/em> \ud83d\ude42<\/span><\/p>\n<p>[\/et_pb_cta][\/et_pb_column][\/et_pb_row][\/et_pb_section][et_pb_section fb_built=&#8220;1&#8243; _builder_version=&#8220;4.23&#8243; _module_preset=&#8220;default&#8220; custom_padding=&#8220;16px|||||&#8220; global_colors_info=&#8220;{}&#8220;][et_pb_row _builder_version=&#8220;4.23&#8243; _module_preset=&#8220;default&#8220; custom_margin=&#8220;25px|auto||auto||&#8220; custom_padding=&#8220;9px|||||&#8220; global_colors_info=&#8220;{}&#8220;][et_pb_column type=&#8220;4_4&#8243; _builder_version=&#8220;4.23&#8243; _module_preset=&#8220;default&#8220; global_colors_info=&#8220;{}&#8220;][et_pb_text _builder_version=&#8220;4.23&#8243; _module_preset=&#8220;default&#8220; custom_margin=&#8220;||3px|||&#8220; custom_padding=&#8220;||7px|||&#8220; inline_fonts=&#8220;Barlow Semi Condensed&#8220; global_colors_info=&#8220;{}&#8220;]<\/p>\n<h1><span style=\"font-family: 'Barlow Semi Condensed'; font-weight: normal; color: #5cc62f;\"><strong><em>NAPSAL JSEM&#8230;<\/em><\/strong><\/span><\/h1>\n<p>[\/et_pb_text][et_pb_blog posts_number=&#8220;15&#8243; use_manual_excerpt=&#8220;off&#8220; show_more=&#8220;on&#8220; show_author=&#8220;off&#8220; show_date=&#8220;off&#8220; show_categories=&#8220;off&#8220; _builder_version=&#8220;4.23&#8243; _module_preset=&#8220;default&#8220; custom_padding=&#8220;0px|||||&#8220; global_colors_info=&#8220;{}&#8220;][\/et_pb_blog][\/et_pb_column][\/et_pb_row][et_pb_row _builder_version=&#8220;4.23&#8243; _module_preset=&#8220;default&#8220; global_colors_info=&#8220;{}&#8220;][et_pb_column type=&#8220;4_4&#8243; _builder_version=&#8220;4.23&#8243; _module_preset=&#8220;default&#8220; global_colors_info=&#8220;{}&#8220;][et_pb_social_media_follow _builder_version=&#8220;4.23&#8243; _module_preset=&#8220;default&#8220; global_colors_info=&#8220;{}&#8220;][et_pb_social_media_follow_network social_network=&#8220;facebook&#8220; url=&#8220;https:\/\/www.facebook.com\/Tadeas26\/&#8220; _builder_version=&#8220;4.23&#8243; _module_preset=&#8220;default&#8220; background_color=&#8220;#3b5998&#8243; global_colors_info=&#8220;{}&#8220; follow_button=&#8220;off&#8220; url_new_window=&#8220;on&#8220;]facebook[\/et_pb_social_media_follow_network][et_pb_social_media_follow_network social_network=&#8220;twitter&#8220; url=&#8220;https:\/\/twitter.com\/tadeasbaca?lang=en&#8220; _builder_version=&#8220;4.23&#8243; _module_preset=&#8220;default&#8220; background_color=&#8220;#000000&#8243; global_colors_info=&#8220;{}&#8220; follow_button=&#8220;off&#8220; url_new_window=&#8220;on&#8220;]X[\/et_pb_social_media_follow_network][et_pb_social_media_follow_network social_network=&#8220;instagram&#8220; url=&#8220;https:\/\/www.instagram.com\/tadeasbaca\/&#8220; _builder_version=&#8220;4.23&#8243; _module_preset=&#8220;default&#8220; background_color=&#8220;#ea2c59&#8243; global_colors_info=&#8220;{}&#8220; follow_button=&#8220;off&#8220; url_new_window=&#8220;on&#8220;]instagram[\/et_pb_social_media_follow_network][\/et_pb_social_media_follow][\/et_pb_column][\/et_pb_row][\/et_pb_section]<\/p>\n","protected":false},"excerpt":{"rendered":"<p>Sousedky a soused\u00e9!V\u00edt\u00e1m v\u00e1s na sv\u00fdch webov\u00fdch str\u00e1nk\u00e1ch! M\u00e9 jm\u00e9no je Tade\u00e1\u0161 Ba\u010da a od roku 2018 jsem zastupitelem m\u011bsta Mohelnice. Spolu s na\u0161\u00edm skv\u011bl\u00fdm t\u00fdmem z uskupen\u00ed Za na\u0161i Mohelnici a p\u0159idru\u017een\u00e9 obce bojujeme za m\u011bsto, kter\u00e9 je p\u0159\u00edv\u011btiv\u00e9 ke v\u0161em generac\u00edm, m\u011bsto, kter\u00e9 mysl\u00ed na budoucnost a neut\u00e1p\u00ed se ve sporech d\u00e1vno minul\u00fdch. [&hellip;]<\/p>\n","protected":false},"author":1,"featured_media":0,"parent":0,"menu_order":0,"comment_status":"closed","ping_status":"closed","template":"","meta":{"_et_pb_use_builder":"on","_et_pb_old_content":"<!-- wp:image {\"id\":454,\"sizeSlug\":\"large\",\"linkDestination\":\"none\"} -->\n<figure class=\"wp-block-image size-large\"><img src=\"https:\/\/tadeasbaca.cz\/wp-content\/uploads\/2023\/10\/Navrh-bez-nazvu-7-1-1024x1024.png\" alt=\"\" class=\"wp-image-454\"\/><\/figure>\n<!-- \/wp:image -->","_et_gb_content_width":"","footnotes":""},"_links":{"self":[{"href":"https:\/\/tadeasbaca.cz\/index.php?rest_route=\/wp\/v2\/pages\/366"}],"collection":[{"href":"https:\/\/tadeasbaca.cz\/index.php?rest_route=\/wp\/v2\/pages"}],"about":[{"href":"https:\/\/tadeasbaca.cz\/index.php?rest_route=\/wp\/v2\/types\/page"}],"author":[{"embeddable":true,"href":"https:\/\/tadeasbaca.cz\/index.php?rest_route=\/wp\/v2\/users\/1"}],"replies":[{"embeddable":true,"href":"https:\/\/tadeasbaca.cz\/index.php?rest_route=%2Fwp%2Fv2%2Fcomments&post=366"}],"version-history":[{"count":37,"href":"https:\/\/tadeasbaca.cz\/index.php?rest_route=\/wp\/v2\/pages\/366\/revisions"}],"predecessor-version":[{"id":485,"href":"https:\/\/tadeasbaca.cz\/index.php?rest_route=\/wp\/v2\/pages\/366\/revisions\/485"}],"wp:attachment":[{"href":"https:\/\/tadeasbaca.cz\/index.php?rest_route=%2Fwp%2Fv2%2Fmedia&parent=366"}],"curies":[{"name":"wp","href":"https:\/\/api.w.org\/{rel}","templated":true}]}}

Zdravím všechny!

<p>[et_pb_section fb_built=&#8220;1&#8243; specialty=&#8220;on&#8220; _builder_version=&#8220;4.23&#8243; _module_preset=&#8220;default&#8220; global_colors_info=&#8220;{}&#8220; custom_padding=&#8220;||5px|||&#8220;][et_pb_column type=&#8220;1_2&#8243; specialty_columns=&#8220;2&#8243; _builder_version=&#8220;4.16&#8243; custom_padding=&#8220;|||&#8220; global_colors_info=&#8220;{}&#8220; custom_padding__hover=&#8220;|||&#8220;][et_pb_row_inner _builder_version=&#8220;4.23&#8243; _module_preset=&#8220;default&#8220; custom_padding=&#8220;12px|||||&#8220; global_colors_info=&#8220;{}&#8220;][et_pb_column_inner saved_specialty_column_type=&#8220;1_2&#8243; _builder_version=&#8220;4.23&#8243; _module_preset=&#8220;default&#8220; global_colors_info=&#8220;{}&#8220;][et_pb_text _builder_version=&#8220;4.23&#8243; _module_preset=&#8220;default&#8220; custom_margin=&#8220;14px||6px|||&#8220; custom_padding=&#8220;7px||0px|||&#8220; global_colors_info=&#8220;{}&#8220;]</p>
<h1><span style="color: #5cc62f;"><strong><em>Sousedky a sousedé!</em></strong></span></h1>
<p>[/et_pb_text][et_pb_text _builder_version=&#8220;4.23&#8243; _module_preset=&#8220;default&#8220; custom_margin=&#8220;5px|||||&#8220; custom_padding=&#8220;0px|||||&#8220; global_colors_info=&#8220;{}&#8220;]</p>
<p style="text-align: justify;"><span style="font-size: medium;"><em>Vítám vás na svých webových stránkách! Mé jméno je Tadeáš Bača a od roku 2018 jsem zastupitelem města Mohelnice. Spolu s naším skvělým týmem z uskupení Za naši Mohelnici a přidružené obce bojujeme za město, které je přívětivé ke všem generacím, město, které myslí na budoucnost a neutápí se ve sporech dávno minulých. Bojujeme za město přívětivé ke všem generacím, kde se dobře a bezpečně žije dětem, rodinám, mladým, seniorům, osobám s hendikepem, zkrátka a jednoduše všem. Bojujeme za město, které je udržitelné a problematiku životního prostředí a klimatické krize staví na první místo, protože právě od ní se odvíjí zásadní část kvality života a budoucnosti města.</em></span></p>
<p style="text-align: justify;"><span style="font-size: medium;"><em>K politice mě již v dětství přivedla moje milovaná prababička Růžena Smrčková. Učila mě, že člověk nesmí být lhostejný ke světu kolem sebe a vždy musí podat pomocnou ruku těm, kteří to potřebují. Při každém dilematu a těžším rozhodování přemýšlím nad tím, co by na to řekla babi Růža. To není jen dojemný sentiment, to je i morální kompas. Kompas, který mi velí držet se zásad a ideí, kompas, který velí být slušný, poctivý a dělat věci ne pro vlastní ego a peněženku, ale pro ty, kteří to potřebují.</em></span></p>
<p style="text-align: justify;"><span style="font-size: medium;"><em>Mé názory na mohelnickou, krajskou, republikovou i světovou politiku najdete na mém Facebooku. A co víc, občas tam ukážu i něco ze svého nepolitického života. Tuze rád čtu, vařím, chovám papoušky, rád jezdím vlakem a taky sadařím. 🙂 Těším se na vaše zprávy a komentáře.</em></span></p>
<p style="text-align: justify;"><span style="font-size: medium;"><em>Srdečně a vděčně,</em></span></p>
<p style="text-align: justify;"><span style="font-size: medium;"><strong><em>Tadeáš Bača</em></strong></span></p>
<p>[/et_pb_text][/et_pb_column_inner][/et_pb_row_inner][/et_pb_column][et_pb_column type=&#8220;1_2&#8243; _builder_version=&#8220;4.16&#8243; custom_padding=&#8220;|||&#8220; global_colors_info=&#8220;{}&#8220; custom_padding__hover=&#8220;|||&#8220;][et_pb_image src=&#8220;http://tadeasbaca.cz/wp-content/uploads/2023/10/Navrh-bez-nazvu-7-1.png&#8220; title_text=&#8220;Navrh-bez-nazvu-7-1&#8243; _builder_version=&#8220;4.23&#8243; _module_preset=&#8220;default&#8220; transform_scale=&#8220;138%|138%&#8220; transform_translate=&#8220;8px|29px&#8220; global_colors_info=&#8220;{}&#8220;][/et_pb_image][/et_pb_column][/et_pb_section][et_pb_section fb_built=&#8220;1&#8243; _builder_version=&#8220;4.23&#8243; _module_preset=&#8220;default&#8220; custom_margin=&#8220;||-63px|||&#8220; global_colors_info=&#8220;{}&#8220; custom_padding=&#8220;80px|||||&#8220;][et_pb_row _builder_version=&#8220;4.23&#8243; _module_preset=&#8220;default&#8220; custom_margin=&#8220;|auto|24px|auto||&#8220; global_colors_info=&#8220;{}&#8220;][et_pb_column type=&#8220;4_4&#8243; _builder_version=&#8220;4.23&#8243; _module_preset=&#8220;default&#8220; global_colors_info=&#8220;{}&#8220;][et_pb_cta title=&#8220;CHCETE SE PŘIDAT? &#8220; button_text=&#8220;Kliknutí&#8220; _builder_version=&#8220;4.23&#8243; _module_preset=&#8220;default&#8220; custom_margin=&#8220;|-130px||-130px||&#8220; custom_padding=&#8220;|||50px||&#8220; global_colors_info=&#8220;{}&#8220;]</p>
<p><span style="font-size: x-large;"><em>Neváhejte a ozvěte se mi! Ať už přes Facebook, Instagram, nebo email.</em> 🙂</span></p>
<p>[/et_pb_cta][/et_pb_column][/et_pb_row][/et_pb_section][et_pb_section fb_built=&#8220;1&#8243; _builder_version=&#8220;4.23&#8243; _module_preset=&#8220;default&#8220; custom_padding=&#8220;16px|||||&#8220; global_colors_info=&#8220;{}&#8220;][et_pb_row _builder_version=&#8220;4.23&#8243; _module_preset=&#8220;default&#8220; custom_margin=&#8220;25px|auto||auto||&#8220; custom_padding=&#8220;9px|||||&#8220; global_colors_info=&#8220;{}&#8220;][et_pb_column type=&#8220;4_4&#8243; _builder_version=&#8220;4.23&#8243; _module_preset=&#8220;default&#8220; global_colors_info=&#8220;{}&#8220;][et_pb_text _builder_version=&#8220;4.23&#8243; _module_preset=&#8220;default&#8220; custom_margin=&#8220;||3px|||&#8220; custom_padding=&#8220;||7px|||&#8220; inline_fonts=&#8220;Barlow Semi Condensed&#8220; global_colors_info=&#8220;{}&#8220;]</p>
<h1><span style="font-family: 'Barlow Semi Condensed'; font-weight: normal; color: #5cc62f;"><strong><em>NAPSAL JSEM&#8230;</em></strong></span></h1>
<p>[/et_pb_text][et_pb_blog posts_number=&#8220;15&#8243; use_manual_excerpt=&#8220;off&#8220; show_more=&#8220;on&#8220; show_author=&#8220;off&#8220; show_date=&#8220;off&#8220; show_categories=&#8220;off&#8220; _builder_version=&#8220;4.23&#8243; _module_preset=&#8220;default&#8220; custom_padding=&#8220;0px|||||&#8220; global_colors_info=&#8220;{}&#8220;][/et_pb_blog][/et_pb_column][/et_pb_row][et_pb_row _builder_version=&#8220;4.23&#8243; _module_preset=&#8220;default&#8220; global_colors_info=&#8220;{}&#8220;][et_pb_column type=&#8220;4_4&#8243; _builder_version=&#8220;4.23&#8243; _module_preset=&#8220;default&#8220; global_colors_info=&#8220;{}&#8220;][et_pb_social_media_follow _builder_version=&#8220;4.23&#8243; _module_preset=&#8220;default&#8220; global_colors_info=&#8220;{}&#8220;][et_pb_social_media_follow_network social_network=&#8220;facebook&#8220; url=&#8220;https://www.facebook.com/Tadeas26/&#8220; _builder_version=&#8220;4.23&#8243; _module_preset=&#8220;default&#8220; background_color=&#8220;#3b5998&#8243; global_colors_info=&#8220;{}&#8220; follow_button=&#8220;off&#8220; url_new_window=&#8220;on&#8220;]facebook[/et_pb_social_media_follow_network][et_pb_social_media_follow_network social_network=&#8220;twitter&#8220; url=&#8220;https://twitter.com/tadeasbaca?lang=en&#8220; _builder_version=&#8220;4.23&#8243; _module_preset=&#8220;default&#8220; background_color=&#8220;#000000&#8243; global_colors_info=&#8220;{}&#8220; follow_button=&#8220;off&#8220; url_new_window=&#8220;on&#8220;]X[/et_pb_social_media_follow_network][et_pb_social_media_follow_network social_network=&#8220;instagram&#8220; url=&#8220;https://www.instagram.com/tadeasbaca/&#8220; _builder_version=&#8220;4.23&#8243; _module_preset=&#8220;default&#8220; background_color=&#8220;#ea2c59&#8243; global_colors_info=&#8220;{}&#8220; follow_button=&#8220;off&#8220; url_new_window=&#8220;on&#8220;]instagram[/et_pb_social_media_follow_network][/et_pb_social_media_follow][/et_pb_column][/et_pb_row][/et_pb_section]</p>

<p>Sousedky a sousedé!Vítám vás na svých webových stránkách! Mé jméno je Tadeáš Bača a od roku 2018 jsem zastupitelem města Mohelnice. Spolu s naším skvělým týmem z uskupení Za naši Mohelnici a přidružené obce bojujeme za město, které je přívětivé ke všem generacím, město, které myslí na budoucnost a neutápí se ve sporech dávno minulých. [&hellip;]</p>
